 = -4*n + 196. Suppose 5*k + 700 = 3*c, -5*k - 114 = -2*c + 586. Let p be (3/1)/((-30)/k). Calculate the greatest common factor of p and n.
14
Let q = 498 + -420. What is the greatest common divisor of q and 18?
6
Let u be (-23785)/(-67) - (-6 + (-1 - -1)). What is the highest common factor of 57 and u?
19
Let k = 51 + -31. Let n = 158 + -18. Calculate the highest common divisor of n and k.
20
Let t be (-3)/((-303)/(-78) + -4). Let r(q) = q**2 + 6*q - 7. Let n be r(6). Calculate the greatest common divisor of t and n.
13
Suppose 18*p - 418 = 212. What is the greatest common factor of 280 and p?
35
Let j = 6 + -1. Let c(l) = -l**2 + 10*l + 19. Let g be c(8). Calculate the greatest common factor of j and g.
5
Suppose -93*z - 192 = -94*z. Calculate the highest common factor of z and 36.
12
Let r(m) = 237*m - 39. Let q be r(3). Let x be q/(-8)*(-2)/12*2. What is the greatest common divisor of x and 4?
4
Let w(c) = -430*c + 7. Let b be w(-1). Calculate the highest common divisor of 57 and b.
19
Let h = -42 - -46. Let b(x) = x**3 - 5*x**2 + 5*x - 2. Let j be b(h). What is the highest common divisor of 5 and j?
1
Let o = -61 + 25. Suppose 12*a = 1518 - 330. Let u = o + a. What is the greatest common factor of u and 9?
9
Let u(h) be the second derivative of -h**4/12 - 4*h**3/3 - 3*h**2/2 + 8*h. Let b = -10 - -6. Let o be u(b). What is the greatest common factor of o and 39?
13
Let k = 8 - -37. Let u be (-31)/(-2) + 106/(-212). What is the greatest common divisor of k and u?
15
Let h be (-6 + -5)*72/(-44). What is the highest common factor of 126 and h?
18
Let u be (-4)/6*(-7 - -4). Suppose -2*c = 8, 3*c - u*c - 356 = -4*p. What is the greatest common factor of 18 and p?
18
Suppose -3*i + q = -0*i - 11, -5*i = q - 13. Let s = 2 + i. What is the highest common factor of s and 45?
5
Suppose 0 = -j - 0*j + 8. Let b be 4/((-3 + -1)/40). Let z = 42 + b. Calculate the greatest common factor of j and z.
2
Suppose 5*u = 2*u - 4*u + 49. Let x = 23 + -2. What is the highest common factor of x and u?
7
Let w(i) = 7*i**3 + 2*i**2 - 3*i + 1. Let y be w(1). What is the highest common divisor of y and 364?
7
Let z = -3086 - -3107. What is the greatest common divisor of z and 2877?
21
Let b(j) = j**2 - 2*j + 3. Let u(l) = l**2 - 2*l + 2. Let q be u(3). Let s be b(q). What is the highest common divisor of 9 and s?
9
Suppose -716 - 84 = -40*w. What is the greatest common divisor of 45 and w?
5
Suppose -6 = -5*f + 69. Let r = -12 - -14. Suppose 4*i + r*o - 490 = -3*o, -o = -5*i + 598. What is the greatest common factor of i and f?
15
Suppose 79 + 140 = 3*i. Suppose -2*b = b + 3, 0 = 4*v - b - i. Calculate the greatest common factor of 90 and v.
18
Let v(d) = 3*d - 100. Let i be v(38). Suppose 3*o - 365 = -5*s, -4*s - 2*o + 428 = 138. What is the highest common factor of i and s?
14
Suppose 343*g = 360*g - 663. Let k(s) = 2*s**2 - 5*s + 1. Let z be k(4). Calculate the greatest common divisor of z and g.
13
Suppose 2*k - 2*h - 92 = -7*h, -200 = -4*k - 2*h. Calculate the highest common factor of k and 1581.
51
Suppose -3*v + 52 = 2*i, -3*v - 3*i + 27 = -30. Let f(y) = y**3 - 7*y**2 - 16*y + 10. Let j be f(9). Calculate the highest common divisor of v and j.
14
Let a = 41 + -42. Let l be ((-216)/9)/(a - 0). What is the greatest common factor of l and 40?
8
Let k = 231 + -21. Calculate the greatest common factor of 120 and k.
30
Let g(x) = -x**2 + 11*x - 10. Let u be g(9). Let z be (-126)/(-8) - 7/(-28). Calculate the highest common divisor of u and z.
8
Let s = 31 + -24. Let f be 9/s + 20/(-70). What is the greatest common divisor of 4 and f?
1
Let q be 28/((-5)/(20/(-8))). Suppose 288 + 468 = 6*t. Calculate the greatest common factor of t and q.
14
Let d be (-1523 + -6)/(2/(-4)). Calculate the highest common factor of 44 and d.
22
Suppose 24 = 4*m + 8. Suppose -4*f = m*f - 24. Suppose 0*p - 60 = -5*p. Calculate the greatest common factor of p and f.
3
Let c be (-69)/(-21) + (-4)/14. Let b(k) = k**3 - 3*k**2 + 3. Let d be b(c). Let x = 4 - d. What is the highest common divisor of 1 and x?
1
Let g be -8*3/(-2)*(-29)/(-29). Let k(w) = 4*w**2 + 2*w + 1. Let l be k(-1). Suppose -l*v = v - 144. What is the highest common divisor of g and v?
12
Let n(s) = 5*s**3 + s**2. Let i be n(1). Let x(f) = -f**3 + 14. Let d be x(0). What is the highest common factor of i and d?
2
Let r = -875 - -888. Let d(i) = -i**3 - 2*i**2 + 7*i - 1. Let s be d(-5). Calculate the greatest common factor of r and s.
13
Let q be ((-2)/4)/((-7)/70). Suppose q*i + 0*i - 140 = 0. Calculate the greatest common divisor of i and 70.
14
Let l be (1 - 5)/(2/(-24)). Suppose 5*x = 2*d - 33, -2*x = -2*d + l - 6. Let f be (-2372)/(-22) - d/(-132). Calculate the highest common factor of f and 12.
12
Suppose 0 = 7*f - 9*f + 10. Suppose c - 4*w - 264 = 0, -f*c + w = -7*c + 501. Calculate the greatest common factor of 36 and c.
36
Suppose 270*g = 273*g - 162. Calculate the highest common divisor of 2 and g.
2
Suppose -30*s = -839 + 299. Calculate the greatest common divisor of s and 4626.
18
Suppose 3*w + 3*n - 6*n + 57 = 0, 2*w + 40 = 3*n. Let q = 30 + w. Calculate the highest common factor of q and 91.
13
Let a be (-3)/(-2)*((-22)/(-3) + -6). Suppose -5*l = a*c - 5*c - 58, 5*c = -2*l + 48. Calculate the highest common factor of 14 and l.
14
Suppose -526 = -5*v + 1349. Suppose v = 11*b - 417. Calculate the highest common divisor of b and 48.
24
Let m be (-14200)/(-475) + (-2)/(-19). Calculate the highest common divisor of 165 and m.
15
Suppose 2*i - 16 = -2*i, -5*d - 3*i = -42. Suppose -d*h = h - 105. What is the greatest common factor of h and 105?
15
Let w(b) = b**3 + 2 + b - 4*b + 4*b. Let j be w(0). Suppose -t + 11 + j = 0. Calculate the greatest common divisor of 52 and t.
13
Suppose -7*h + 9*h + 4*n = 16, -h - 2 = -3*n. Suppose 5*o = -15, -4*g + 2*o + 106 = g. Calculate the greatest common divisor of h and g.
4
Let o = -121 + 139. Let t be (-18)/81 - (-130)/o. Calculate the highest common divisor of 1 and t.
1
Let c(s) = -s**2 - 27*s - 116. Let v be c(-20). Calculate the highest common factor of v and 24.
24
Suppose -4*v - 42 = 2*o - 8, -5*v - 44 = 3*o. Let x = v + 8. Let h be (-2 - x) + 9 + 144. What is the greatest common factor of 25 and h?
25
Let l(a) = a**2 - 11*a - 10. Let t be l(12). Suppose 0*o - t*o + 114 = 3*w, -95 = -2*w + 5*o. What is the highest common divisor of w and 8?
8
Let m = -54 - -180. Let x(t) = 4*t + 7. Let y(l) = 9*l + 15. Let c(i) = 7*x(i) - 3*y(i). Let u be c(10). Calculate the highest common factor of u and m.
14
Let u(w) = -w**2 + 4*w + 16. Let t = 46 - 46. Let l be u(t). What is the highest common factor of l and 16?
16
Suppose -l = -0*b - 3*b + 76, 3*b - 4*l - 88 = 0. Let z = -6 - -8. Suppose 5*y - 33 = o, y - 6*y + 24 = z*o. Calculate the highest common divisor of y and b.
6
Suppose 2*v + 49 = -4*r - 93, r = -4*v - 39. Let f be (-112)/r*(-10)/(-4). Let b = f - 0. Calculate the greatest common divisor of 4 and b.
4
Suppose 0 = 15*u - 253 + 88. What is the highest common divisor of 88 and u?
11
Let j be (-2)/(-11) + 80/44. Let s be 1/(3/12*j). Suppose -s*f = -198 - 66. What is the greatest common factor of f and 12?
12
Let g = 46 - 41. Suppose 2*w + 384 = g*w. Calculate the greatest common divisor of w and 16.
16
Let t = -340 + 380. What is the highest common factor of 50 and t?
10
Let u(z) = 33*z**2 + 5*z - 4. Let k be u(2). What is the greatest common factor of 12 and k?
6
Suppose -115 = -11*o + 10*o. What is the highest common divisor of o and 437?
23
Suppose 65*g - 55*g - 640 = 0. Calculate the highest common factor of 32 and g.
32
Suppose 3*x - 440 = -3*r - 149, 476 = 5*x - 4*r. What is the greatest common divisor of x and 104?
8
Let u(h) = -6*h - 16. Let v be u(-3). Suppose 0*a = -5*r + v*a + 196, -4*r + 146 = 2*a. What is the highest common divisor of 190 and r?
38
Let k = -428 + 463. What is the highest common factor of k and 55?
5
Suppose 127 = -3*f - 206. Let p be 2/((6/f)/(-1)). Let y = p - 19. What is the highest common divisor of 126 and y?
18
Suppose -3*n + 5*x + 437 + 113 = 0, -5*n = -x - 902. What is the greatest common factor of n and 40?
20
Suppose 3*b = -2*b. Suppose b = 2*i - 6 - 4. Suppose -t = -i*n - 140, -76 - 344 = -3*t - 4*n. What is the greatest common facto